, 101
What are the prime factors of 12517?
12517
List the prime factors of 4975.
5, 199
List the prime factors of 1089.
3, 11
List the prime factors of 1714.
2, 857
List the prime factors of 7290.
2, 3, 5
List the prime factors of 4331.
61, 71
What are the prime factors of 15068?
2, 3767
List the prime factors of 1778.
2, 7, 127
List the prime factors of 26477.
11, 29, 83
List the prime factors of 42262.
2, 11, 17, 113
What are the prime factors of 920?
2, 5, 23
What are the prime factors of 267?
3, 89
List the prime factors of 234.
2, 3, 13
What are the prime factors of 433?
433
What are the prime factors of 3628?
2, 907
What are the prime factors of 14024?
2, 1753
List the prime factors of 17703.
3, 7, 281
What are the prime factors of 10281?
3, 23, 149
What are the prime factors of 45050?
2, 5, 17, 53
What are the prime factors of 483?
3, 7, 23
What are the prime factors of 39465?
3, 5, 877
List the prime factors of 1845.
3, 5, 41
List the prime factors of 10180.
2, 5, 509
What are the prime factors of 38061?
3, 4229
List the prime factors of 566.
2, 283
What are the prime factors of 87435?
3, 5, 29, 67
What are the prime factors of 9519?
3, 19, 167
What are the prime factors of 32271?
3, 31, 347
What are the prime factors of 928?
2, 29
List the prime factors of 6769.
7, 967
List the prime factors of 15541.
15541
List the prime factors of 59563.
7, 67, 127
List the prime factors of 83.
83
List the prime factors of 13635.
3, 5, 101
List the prime factors of 607.
607
List the prime factors of 1810.
2, 5, 181
What are the prime factors of 19?
19
List the prime factors of 122.
2, 61
What are the prime factors of 638?
2, 11, 29
List the prime factors of 1951.
1951
What are the prime factors of 2376?
2, 3, 11
What are the prime factors of 12270?
2, 3, 5, 409
List the prime factors of 3821.
3821
List the prime factors of 63552.
2, 3, 331
What are the prime factors of 34161?
3, 59, 193
List the prime factors of 474.
2, 3, 79
What are the prime factors of 363?
3, 11
List the prime factors of 5674.
2, 2837
What are the prime factors of 3744?
2, 3, 13
What are the prime factors of 23080?
2, 5, 577
What are the prime factors of 8987?
11, 19, 43
What are the prime factors of 39935?
5, 7, 163
List the prime factors of 379.
379
What are the prime factors of 5919?
3, 1973
What are the prime factors of 11055?
3, 5, 11, 67
What are the prime factors of 6506?
2, 3253
What are the prime factors of 124890?
2, 3, 5, 23, 181
What are the prime factors of 1590?
2, 3, 5, 53
List the prime factors of 5979.
3, 1993
List the prime factors of 12295.
5, 2459
List the prime factors of 1249.
1249
List the prime factors of 70166.
2, 35083
What are the prime factors of 47954?
2, 23977
List the prime factors of 780.
2, 3, 5, 13
List the prime factors of 21056.
2, 7, 47
List the prime factors of 20.
2, 5
List the prime factors of 1502.
2, 751
What are the prime factors of 10063?
29, 347
What are the prime factors of 71103?
3, 137, 173
What are the prime factors of 1031?
1031
What are the prime factors of 3326?
2, 1663
What are the prime factors of 54139?
54139
List the prime factors of 9515.
5, 11, 173
What are the prime factors of 5379?
3, 11, 163
List the prime factors of 75753.
3, 19, 443
List the prime factors of 6912.
2, 3
List the prime factors of 3816.
2, 3, 53
List the prime factors of 2661.
3, 887
List the prime factors of 4076.
2, 1019
What are the prime factors of 4245?
3, 5, 283
List the prime factors of 77409.
3, 47, 61
What are the prime factors of 2368?
2, 37
What are the prime factors of 3260?
2, 5, 163
What are the prime factors of 1137?
3, 379
What are the prime factors of 471?
3, 157
What are the prime factors of 962?
2, 13, 37
What are the prime factors of 4376?
2, 547
What are the prime factors of 25042?
2, 19, 659
List the prime factors of 19096.
2, 7, 11, 31
List the prime factors of 1026.
2, 3, 19
What are the prime factors of 12736?
2, 199
List the prime factors of 2896.
2, 181
What are the prime factors of 928?
2, 29
List the prime factors of 416.
2, 13
List the prime factors of 32670.
2, 3, 5, 11
List the prime factors of 1053.
3, 13
What are the prime factors of 351?
3, 13
What are the prime factors of 773?
773
What are the prime factors of 6554?
2, 29, 113
What are the prime factors of 3845?
5, 769
List the prime factors of 1405.
5, 281
What are the prime factors of 14491?
43, 337
What are the prime factors of 4038?
2, 3, 673
List the prime factors of 8921.
11, 811
List the prime factors of 11579.
11579
List the prime factors of 1903.
11, 173
List the prime factors of 17353.
7, 37, 67
List the prime factors of 619.
619
What are the prime factors of 6235?
5, 29, 43
List the prime factors of 2125.
5, 17
What are the prime factors of 25811?
53, 487
List the prime factors of 89000.
2, 5, 89
List the prime factors of 12502.
2, 7, 19, 47
List the prime factors of 2985.
3, 5, 199
List the prime factors of 1669.
1669
What are the prime factors of 21875?
5, 7
List the prime factors of 1348.
2, 337
List the prime factors of 857.
857
List the prime factors of 1572.
2, 3, 131
List the prime factors of 6422.
2, 13, 19
List the prime factors of 1198.
2, 599
List the prime factors of 15767.
15767
What are the prime factors of 13458?
2, 3, 2243
List the prime factors of 2182.
2, 1091
What are the prime factors of 36726?
2, 3, 6121
List the prime factors of 6629.
7, 947
List the prime factors of 146.
2, 73
What are the prime factors of 164567?
13, 12659
List the prime factors of 16676.
2, 11, 379
List the prime factors of 26536.
2, 31, 107
What are the prime factors of 345?
3, 5, 23
What are the prime factors of 72759?
3, 79, 307
What are the prime factors of 1009?
1009
List the prime factors of 1237.
1237
What are the prime factors of 2895?
3, 5, 193
List the prime factors of 630.
2, 3, 5, 7
List the prime factors of 50243.
47, 1069
What are the prime factors of 495?
3, 5, 11
What are the prime factors of 69041?
7, 1409
What are the prime factors of 26204?
2, 6551
List the prime factors of 14141.
79, 179
List the prime factors of 18090.
2, 3, 5, 67
What are the prime factors of 236?
2, 59
List the prime factors of 4907.
7, 701
List the prime factors of 156139.
156139
List the prime factors of 11218.
2, 71, 79
List the prime factors of 7225.
5, 17
List the prime factors of 61082.
2, 7, 4363
List the prime factors of 3276.
2, 3, 7, 13
What are the prime factors of 2074?
2, 17, 61
What are the prime factors of 58949?
11, 23, 233
What are the prime factors of 109959?
3, 36653
What are the prime factors of 48285?
3, 5, 29, 37
What are the prime factors of 1304?
2, 163
What are the prime factors of 1206?
2, 3, 67
What are the prime factors of 15026?
2, 11, 683
List the prime factors of 2909.
2909
List the prime factors of 1355.
5, 271
What are the prime factors of 92394?
2, 3, 29, 59
List the prime factors of 675.
3, 5
List the prime factors of 268.
2, 67
List the prime factors of 14322.
2, 3, 7, 11, 31
List the prime factors of 2294.
2, 31, 37
What are the prime factors of 19956?
2, 3, 1663
What are the prime factors of 5673?
3, 31, 61
List the prime factors of 1323.
3, 7
What are the prime factors of 7927?
7927
What are the prime factors of 14343?
3, 7, 683
List the prime factors of 2710.
2, 5, 271
What are the prime factors of 5073?
3, 19, 89
What are the prime factors of 9193?
29, 317
List the prime factors of 1088.
2, 17
List the prime factors of 70166.
2, 35083
List the prime factors of 32689.
97, 337
List the prime factors of 22514.
2, 11257
What are the prime factors of 51?
3, 17
List the prime factors of 1153.
1153
What are the prime factors of 888?
2, 3, 37
List the prime factors of 31891.
31891
List the prime factors of 6648.
2, 3, 277
List the prime factors of 425.
5, 17
What are the prime factors of 27959?
73, 383
What are the prime factors of 416?
2, 13
What are the prime factors of 195?
3, 5, 13
List the prime factors of 284.
2, 71
List the prime factors of 13710.
2, 3, 5, 457
List the prime factors of 7543.
19, 397
List the prime factors of 870.
2, 3, 5, 29
List the prime factors of 319.
11, 29
What are the prime factors of 24991?
67, 373
List the prime factors of 671.
11, 61
List the prime factors of 7517.
7517
List the prime factors of 1280.
2, 5